is the tens digit of 3/2*(201 + -9)?
8
Let s(n) = -2*n**3 - 14*n**2 + n + 12. Let t be s(-7). Suppose -7*d = -5*d + t*v - 118, 4*d - 5*v = 236. What is the tens digit of d?
5
Suppose -5184 = 2*c - 8*c. What is the tens digit of c?
6
Let h(f) = f**3 + 22*f**2 - 13*f + 20. What is the tens digit of h(-20)?
8
Let v = 546 + 564. What is the tens digit of v?
1
Let a be (-23)/5 - -4 - 24/10. What is the units digit of 1*a/((-9)/93)?
1
What is the hundreds digit of (-60)/(-15) - (-1 - 328)?
3
Suppose f + 19 = 4. Let s(g) = -g + 33. What is the tens digit of s(f)?
4
Let z(d) = -531*d - 464. What is the units digit of z(-5)?
1
Suppose 2*m = 3*m + 1. Let r be (-14)/1*1/m. Let x(g) = g**2 - 13*g + 11. What is the units digit of x(r)?
5
Suppose -16*t + 5973 = -443. What is the hundreds digit of t?
4
Let a = -19 - -26. What is the tens digit of a/35 + (-638)/(-10)?
6
Let t(k) = k**3 - 16*k**2 + 18*k - 34. Let y be t(16). Suppose 11*p - y = 593. What is the tens digit of p?
7
Suppose -u = -2*w + 110, -w - u + 68 - 19 = 0. What is the tens digit of w?
5
Let r be (-3 - -6) + 2/((-6)/105). Let v = r - -131. What is the units digit of v?
9
Let i(q) = -q**3 - 4*q - 8. Suppose -7 - 13 = 5*z. What is the units digit of i(z)?
2
Let h(a) = 9*a - 5. Let m be h(15). What is the units digit of (-8)/(-5)*m/4?
2
Let c(n) = -7*n**3 + 105*n**2 + 5*n + 6. What is the units digit of c(15)?
1
Let u = 2035 + -685. What is the tens digit of u?
5
Let h = 1040 + -726. What is the hundreds digit of h?
3
Suppose -2*z + 66 = h + h, 0 = 4*z. Suppose 31*f - h*f + 132 = 0. What is the tens digit of f?
6
Suppose 35 = 2*i + 11. Let o be (-114)/24 - 3/i. Let r(m) = m**3 + 4*m**2 - 7*m - 4. What is the units digit of r(o)?
6
What is the units digit of (-17134)/(-10) + 354/590?
4
What is the units digit of -3 - -13 - (-4084 + -45)?
9
Let a(p) be the second derivative of p**5/30 + p**4/2 + 4*p**3/3 - 4*p**2 - 2*p. Let s(k) be the first derivative of a(k). What is the tens digit of s(-8)?
4
Let p(n) = 125*n**3 + 9*n**2 - 4*n - 10. What is the hundreds digit of p(3)?
4
Let w(k) = -85*k - 36. Let z be w(-5). Suppose 6*a - z + 29 = 0. What is the tens digit of a?
6
What is the thousands digit of 15/(9/1326*2)?
1
Let s = 3359 + -2209. What is the thousands digit of s?
1
Suppose 2*r - 1580 = -3*z, -1237 - 1438 = -5*z + 5*r. What is the tens digit of z?
3
Suppose -6*a + 16 = -140. Suppose -5*z - 5*h + 24 + a = 0, 5*h = 3*z - 6. What is the units digit of z?
7
Let a = -1058 + 1575. Suppose -4*k + a = 3*t - 306, -k - 5*t + 210 = 0. What is the units digit of k?
5
Let o = 9 - 8. What is the tens digit of (-3 - (-86 - -4))*o?
7
Suppose 0 = -6*i + i + 50. Let a = i - -57. What is the units digit of a?
7
Let l = -824 - -835. Suppose -2*x + 5 = -59. What is the units digit of x - l - (-8)/(-2)?
7
Let o = 6 - 0. Let y(i) = -5*i**3 + 9*i**2 + 7*i - 18. Let r(l) = -l**3 + l**2 + l - 1. Let j(f) = 4*r(f) - y(f). What is the units digit of j(o)?
2
Suppose 99726 - 34542 = 16*r. What is the hundreds digit of r?
0
Suppose 3*z + 4*g - 69 = 0, -73 = 2*z - 6*z + g. Let r = -5 + z. What is the units digit of r?
4
Let k = -32 + 31. Let l(z) = -59*z + 1. What is the units digit of l(k)?
0
Let i = -7605 - -13489. What is the tens digit of i?
8
Let t(g) = -6*g - 19. Suppose -2*x + 25 = -7*x, -4 = -i + 4*x. What is the tens digit of t(i)?
7
Let k = 2259 + -262. What is the hundreds digit of k?
9
What is the hundreds digit of 7 - (6 - (375 + -6))?
3
Suppose -2 = -2*m + 6. Suppose -2*t + 87 = t + m*p, -5*t - 4*p + 145 = 0. Suppose 3*x + 58 + 63 = 5*f, -x = f - t. What is the units digit of f?
6
What is the hundreds digit of 209 + ((-42)/7 - -4)?
2
Let h(f) = -f**3 + 5*f**2 + 2. Let x(k) = -k**2 + 12*k - 16. Let l be x(10). Let t be h(l). What is the units digit of t*(-1 - (-2 + -2))?
4
Suppose 5*v + 3*n = 13, -2 = v - 6*n + 2*n. Let i(k) = 9*k. Let c be i(v). Suppose -b + c + 50 = 0. What is the units digit of b?
8
Let a = -28 - -33. Suppose 29 = 4*y - a*y. Let p = 57 + y. What is the units digit of p?
8
Let d = 72 - 7. Suppose z + z - 107 = -5*k, 2*z - d = -3*k. Suppose -3*w + 12 + k = 0. What is the units digit of w?
1
Let o(a) = 477*a + 102. What is the hundreds digit of o(8)?
9
Let j(g) = 11*g + 744. What is the tens digit of j(22)?
8
Suppose 5*v - 24756 = 4*l, 4*v = -3*l + 8593 + 11187. What is the tens digit of v?
4
Let n be 15/(-2)*2/(-3). Suppose -19 = -5*t - 2*m + 45, -4*t + n*m + 38 = 0. What is the units digit of t?
2
What is the units digit of 6/(-1) + 1370 + 1?
5
Let b be 1 - -18 - 3/1. Suppose 0*w = 4*w + 60. Let x = w + b. What is the units digit of x?
1
Let h be (-5)/(40/(-6)) + 122/8. What is the units digit of 68/(-3)*(-24)/h?
4
Suppose -413 = 3*s - 1178. What is the units digit of s?
5
Let h = 116 - 76. Suppose -h = -3*a - 10. What is the tens digit of (-16)/6*(-75)/a?
2
Let k = 24 - 24. Suppose -2*r + 68 + 126 = k. What is the tens digit of r?
9
Let q = -51 - -131. Let h be (-3)/(-5) - (-32)/q. Suppose -z = -4 - h. What is the units digit of z?
5
Let w = -547 + 1209. Suppose 0 = -j + 5*j - 2*h - w, -3 = h. What is the tens digit of j?
6
Suppose -3*a + 16 = 1, -5*p = 2*a + 30. Let c(q) = q + 10. What is the units digit of c(p)?
2
Suppose 2*q + 72 = -c, -4*c - 77 - 97 = 5*q. Let a = 104 + q. What is the units digit of a?
6
Suppose -2*d + 7*j + 767 = 2*j, -4*d = -4*j - 1504. What is the units digit of d?
1
Let p(i) = 841*i - 9. What is the hundreds digit of p(2)?
6
Suppose -745 = 14*j - 15*j. What is the units digit of j?
5
Let i = 199 + -9. Suppose 0 = 4*m + 22 - i. What is the tens digit of m?
4
Suppose -c + 4*g = 9, 0*g = -c + g. Suppose -c*r = -4*q - 52, 0*q + q = 2*r - 28. What is the units digit of r?
2
Suppose -3*t = -3*h + 402 + 102, -t = -5*h + 820. Suppose -5*u + 5*i = -h - 182, 0 = 2*u + i - 141. What is the units digit of u?
0
Suppose 0 = -2*m - 5*n + 7, -5*m + 7*n - 35 = 2*n. Let r = m - -3. Let j = r - -25. What is the units digit of j?
4
Let j = 23 - 21. Suppose 0 = 2*i - 5*t - 136, -j*i + 2*t = -67 - 69. What is the tens digit of i?
6
Suppose 19*l = 23*l - 44. Suppose l*r - 351 = 617. What is the tens digit of r?
8
Let v = 1243 - 551. What is the tens digit of v?
9
What is the units digit of ((-189)/6)/(-9)*270?
5
Let s be (-84)/9 + (-4)/(-12). Let g = -18 - s. What is the units digit of (g/6)/((-12)/272)?
4
Suppose -22 - 95 = -9*u. What is the units digit of u?
3
Let s(v) = 6*v**2 + 6*v**2 + v + 2*v**3 + 2*v**2 - 19*v**2. What is the tens digit of s(4)?
5
Suppose -2*k + 4*u + 2220 = 0, -k = 2*k - u - 3330. What is the units digit of k?
0
Suppose -3*l - 4*l + 21 = 0. Suppose -21 = -c - l*u, 8*u - 3*u + 31 = 2*c. What is the tens digit of c?
1
Suppose 0 = 3*s + 10566 - 28434. What is the units digit of s?
6
Suppose 2*p + 7418 = 5*p + 5*v, 5*v + 2466 = p. What is the thousands digit of p?
2
Suppose 0 = -15*c + 1559 + 2011. What is the hundreds digit of c?
2
Let t be 10/(-4)*47 + 10/20. Let u = t - -222. What is the hundreds digit of u?
1
Let t = 111 + -120. What is the units digit of (-1127)/t + (-4)/18?
5
Let i(a) = -37*a + 8. Let k be i(2). Let r = 257 + k. What is the tens digit of r?
9
Suppose 3*b + 2324 = 4*j, -30*b + 29*b = 3*j - 1730. What is the tens digit of j?
7
Let b(l) = l**3 + 2*l + 92. Let z be b(0). Suppose 0 = 4*w - 120 - z. What is the tens digit of w?
5
Let t(u) = -6*u + 5*u + 2 - 8*u - u**2. Let l = 37 + -45. What is the units digit of t(l)?
0
Let w(x) = x**2 - 4*x + 1. Let t be w(4). Let z(i) = -15*i**2 - i. Let b be z(t). Let s = 29 + b. What is the units digit of s?
3
Let n = 0 + -8. Let w(l) = -l**3 - 8*l**2 - l + 12. What is the units digit of w(n)?
0
Suppose 7*t - 3*t + 5*u - 2656 = 0, -3*t = 3*u - 1992. What is the tens digit of t?
6
Let c be 3/(-4)*64/(-8). Suppose -3*o = -12 - c. Suppose 0 = -n + 14 - o. What is the units digit of n?
8
Suppose 89*v = -11*v + 107500. What is the tens digit of v?
7
Suppose -2*m + 13 = 3*m - 4*j, 2*m - j - 4 = 0. Let o = -2 + 6. What is the tens digit of (-2 - (-48 - o)) + m?
5
Suppose 51 = -2*b - 3*w + 163, 2*w = -b + 54. Let m = b - 36. What is the units digit of m?
6
Suppose 5*d = -5, 41*d = -5*b + 39*d + 1728. What is the units digit of b?
6
Suppose -12 = -2*l + 10. Suppose 5*c + 13 = i - l, 2*i = c + 57. What is the units dig